{"id":1080,"date":"2019-06-19T16:33:29","date_gmt":"2019-06-19T13:33:29","guid":{"rendered":"http:\/\/10.15.51.60\/cacj\/?page_id=1080"},"modified":"2022-07-21T08:04:50","modified_gmt":"2022-07-21T05:04:50","slug":"competente","status":"publish","type":"page","link":"https:\/\/www.curteadeapelcluj.ro\/index.php\/despre-noi\/competente.html","title":{"rendered":"Competen\u0163e"},"content":{"rendered":"<div id=\"pl-1080\"  class=\"panel-layout\" ><div id=\"pg-1080-0\"  class=\"panel-grid panel-no-style\" ><div id=\"pgc-1080-0-0\"  class=\"panel-grid-cell\" ><div id=\"panel-1080-0-0-0\" class=\"so-panel widget widget_sow-editor panel-first-child panel-last-child\" data-index=\"0\" ><div\n\t\t\t\n\t\t\tclass=\"so-widget-sow-editor so-widget-sow-editor-base\"\n\t\t\t\n\t\t>\n<div class=\"siteorigin-widget-tinymce textwidget\">\n\t<p style=\"text-align: left;\"><span class=\"style40\" style=\"font-size: 16px; font-family: arial, helvetica, sans-serif;\"><span style=\"font-size: 20px;\"><span style=\"color: #000000;\">Competen\u0163a Cur\u0163ii de Apel Cluj<img loading=\"lazy\" decoding=\"async\" class=\"align:left wp-image-2601\" src=\"https:\/\/www.curteadeapelcluj.ro\/wp-content\/uploads\/2019\/10\/linie-subtitlu1200x1.png\" alt=\"\" width=\"800\" height=\"1\" srcset=\"https:\/\/www.curteadeapelcluj.ro\/wp-content\/uploads\/2019\/10\/linie-subtitlu1200x1.png 1200w, https:\/\/www.curteadeapelcluj.ro\/wp-content\/uploads\/2019\/10\/linie-subtitlu1200x1-150x1.png 150w, https:\/\/www.curteadeapelcluj.ro\/wp-content\/uploads\/2019\/10\/linie-subtitlu1200x1-300x1.png 300w, https:\/\/www.curteadeapelcluj.ro\/wp-content\/uploads\/2019\/10\/linie-subtitlu1200x1-768x1.png 768w, https:\/\/www.curteadeapelcluj.ro\/wp-content\/uploads\/2019\/10\/linie-subtitlu1200x1-1024x1.png 1024w, https:\/\/www.curteadeapelcluj.ro\/wp-content\/uploads\/2019\/10\/linie-subtitlu1200x1-720x1.png 720w, https:\/\/www.curteadeapelcluj.ro\/wp-content\/uploads\/2019\/10\/linie-subtitlu1200x1-1080x1.png 1080w, https:\/\/www.curteadeapelcluj.ro\/wp-content\/uploads\/2019\/10\/linie-subtitlu1200x1-960x1.png 960w, https:\/\/www.curteadeapelcluj.ro\/wp-content\/uploads\/2019\/10\/linie-subtitlu1200x1-272x1.png 272w, https:\/\/www.curteadeapelcluj.ro\/wp-content\/uploads\/2019\/10\/linie-subtitlu1200x1-436x1.png 436w\" sizes=\"auto, (max-width: 800px) 100vw, 800px\" \/><\/span><\/span><\/span><\/p>\n<span class=\"style40\" style=\"font-size: 14px; font-family: arial, helvetica, sans-serif;\">\nPrin competen\u0163\u0103 se \u00een\u0163elege capacitatea unei instan\u0163e de a solu\u0163iona anumite litigii sau de a rezolva anumite cereri.\nNu toate litigiile sunt de competen\u0163a instan\u0163elor. Exist\u0103 litigii care se solu\u0163ioneaz\u0103 de c\u0103tre alte autorit\u0103\u0163i.\nCompeten\u0163a este de dou\u0103 feluri: competen\u0163a material\u0103 \u015fi competen\u0163a teritorial\u0103.<\/span>\n<p class=\"custom-indent\" style=\"text-align: justify;\"><span class=\"style40\" style=\"font-size: 14px; font-family: arial, helvetica, sans-serif; color: #000000;\"><strong>\u00cen materie civil\u0103, litigii cu profesioni\u015ftii, contencios administrativ \u015fi fiscal curtea de apel judec\u0103:<\/strong><\/span><\/p>\n<span style=\"font-size: 14px; font-family: arial, helvetica, sans-serif;\">1. \u00een prim\u0103 instan\u0163\u0103, procesele \u015fi cererile \u00een materie de contencios administrativ privind actele autorit\u0103\u0163ilor \u015fi institu\u0163iilor centrale;\n2. ca instan\u0163e de apel, apelurile declarate \u00eempotriva hot\u0103r\u00e2rilor pronun\u0163ate de tribunale \u00een prim\u0103 instan\u0163\u0103;\n3. ca instan\u0163e de recurs, recursurile declarate \u00eempotriva hot\u0103r\u00e2rilor pronun\u0163ate de tribunale \u00een apel sau \u00eempotriva hot\u0103r\u00e2rilor pronun\u0163ate \u00een prim\u0103 instan\u0163\u0103 de tribunale, care, potrivit legii, nu sunt supuse apelului, precum \u015fi \u00een orice alte cazuri expres prev\u0103zute de lege;\n4. \u00een orice alte materii date prin lege \u00een competen\u0163a lor.<\/span>\n<p class=\"custom-indent\" style=\"text-align: justify;\"><span style=\"font-size: 14px; font-family: arial, helvetica, sans-serif; color: #000000;\"><strong>\u00cen materie penal\u0103, dup\u0103 intrarea \u00een vigoare a Noului Cod de procedur\u0103 penal\u0103, curtea de apel <span class=\"style40\">judec\u0103<\/span>:\n<\/strong><\/span><\/p>\n<span style=\"font-size: 14px; font-family: arial, helvetica, sans-serif;\">1.judec\u0103 \u00een prim\u0103 instan\u0163\u0103:\n<span style=\"padding-left: 20px;\">a)infrac\u0163iunile prev\u0103zute de Codul penal la art. 394-397, 399-412 \u015fi 438-445;<\/span>\n<span style=\"padding-left: 20px;\">b)infrac\u0163iunile privind securitatea na\u0163ional\u0103 a Rom\u00e2niei, prev\u0103zute \u00een legi speciale;<\/span>\n<span style=\"padding-left: 20px;\">c)infrac\u0163iunile s\u0103v\u00e2r\u015fite de judec\u0103torii de la judec\u0103torii, tribunale \u015fi de procurorii de la parchetele care func\u0163ioneaz\u0103 pe l\u00e2ng\u0103 aceste instan\u0163e;<\/span>\n<span style=\"padding-left: 20px;\">d)infrac\u0163iunile s\u0103v\u00e2r\u015fite de avoca\u0163i, notari publici, executori judec\u0103tore\u015fti, de controlorii financiari ai Cur\u0163ii de Conturi, precum \u015fi auditori publici externi;<\/span>\n<span style=\"padding-left: 20px;\">e)infrac\u0163iunile s\u0103v\u00e2r\u015fite de \u015fefii cultelor religioase organizate \u00een condi\u0163iile legii \u015fi de ceilal\u0163i membri ai \u00eenaltului cler, care au cel pu\u0163in rangul de arhiereu sau echivalent al acestuia;<\/span>\n<span style=\"padding-left: 20px;\">f)infrac\u0163iunile s\u0103v\u00e2r\u015fite de magistra\u0163ii-asisten\u0163i de la \u00cenalta Curte de Casa\u0163ie \u015fi Justi\u0163ie, de judec\u0103torii de la cur\u0163ile de apel \u015fi Curtea Militar\u0103 de Apel, precum \u015fi de procurorii de la parchetele de pe l\u00e2ng\u0103 aceste instan\u0163e;<\/span>\n<span style=\"padding-left: 20px;\">g)infrac\u0163iunile s\u0103v\u00e2r\u015fite de membrii Cur\u0163ii de Conturi, de pre\u015fedintele Consiliului Legislativ, de Avocatul Poporului, de adjunc\u0163ii Avocatului Poporului \u015fi de chestori;<\/span>\n<span style=\"padding-left: 20px;\">h)cererile de str\u0103mutare, \u00een cazurile prev\u0103zute de lege.<\/span>\n2.judec\u0103 apelurile \u00eempotriva hot\u0103r\u00e2rilor penale pronun\u0163ate \u00een prim\u0103 instan\u0163\u0103 de judec\u0103torii \u015fi de tribunale.\n3.solu\u0163ioneaz\u0103 conflictele de competen\u0163\u0103 ivite \u00eentre instan\u0163ele din circumscrip\u0163ia sa, altele dec\u00e2t cele prev\u0103zute la art. 36 alin. (2), precum \u015fi contesta\u0163iile formulate \u00eempotriva hot\u0103r\u00e2rilor pronun\u0163ate de tribunale \u00een cazurile prev\u0103zute de lege\n4.solu\u0163ioneaz\u0103 \u015fi alte cauze anume prev\u0103zute de lege.<\/span>\n<p class=\"custom-indent\"><span style=\"color: #000000; font-size: 14px; font-family: arial, helvetica, sans-serif;\"><strong>Gradele de jurisdic\u0163ie:<\/strong><\/span><\/p>\n<p class=\"custom-indent\"><span style=\"font-size: 14px; font-family: arial, helvetica, sans-serif;\">C\u0103ile de atac declarate de c\u0103tre partea interesat\u0103 \u00eempotriva hot\u0103r\u00e2rilor pronun\u0163ate \u00een fond sunt judecate de instan\u0163ele ierarhic superioare, dup\u0103 schema de mai jos:<\/span><img loading=\"lazy\" decoding=\"async\" class=\"wp-image-3209 size-full alignleft\" src=\"\/wp-content\/uploads\/2019\/11\/grade_de_jurisdictie.jpg\" alt=\"\" width=\"819\" height=\"392\" srcset=\"https:\/\/www.curteadeapelcluj.ro\/wp-content\/uploads\/2019\/11\/grade_de_jurisdictie.jpg 819w, https:\/\/www.curteadeapelcluj.ro\/wp-content\/uploads\/2019\/11\/grade_de_jurisdictie-300x144.jpg 300w, https:\/\/www.curteadeapelcluj.ro\/wp-content\/uploads\/2019\/11\/grade_de_jurisdictie-768x368.jpg 768w\" sizes=\"auto, (max-width: 819px) 100vw, 819px\" \/><\/p><\/div>\n<\/div><\/div><\/div><\/div><\/div>","protected":false},"excerpt":{"rendered":"<p>Competen\u0163a Cur\u0163ii de Apel Cluj Prin competen\u0163\u0103 se \u00een\u0163elege capacitatea unei instan\u0163e de a solu\u0163iona anumite litigii sau de a rezolva anumite cereri. Nu toate litigiile sunt de competen\u0163a instan\u0163elor. Exist\u0103 litigii care se solu\u0163ioneaz\u0103 de c\u0103tre alte autorit\u0103\u0163i. Competen\u0163a este de dou\u0103 feluri: competen\u0163a material\u0103 \u015fi competen\u0163a teritorial\u0103. \u00cen materie civil\u0103, litigii cu profesioni\u015ftii, [&hellip;]<\/p>\n","protected":false},"author":1,"featured_media":0,"parent":2462,"menu_order":0,"comment_status":"closed","ping_status":"closed","template":"","meta":{"footnotes":""},"class_list":["post-1080","page","type-page","status-publish","hentry","post"],"_links":{"self":[{"href":"https:\/\/www.curteadeapelcluj.ro\/index.php\/wp-json\/wp\/v2\/pages\/1080","targetHints":{"allow":["GET"]}}],"collection":[{"href":"https:\/\/www.curteadeapelcluj.ro\/index.php\/wp-json\/wp\/v2\/pages"}],"about":[{"href":"https:\/\/www.curteadeapelcluj.ro\/index.php\/wp-json\/wp\/v2\/types\/page"}],"author":[{"embeddable":true,"href":"https:\/\/www.curteadeapelcluj.ro\/index.php\/wp-json\/wp\/v2\/users\/1"}],"replies":[{"embeddable":true,"href":"https:\/\/www.curteadeapelcluj.ro\/index.php\/wp-json\/wp\/v2\/comments?post=1080"}],"version-history":[{"count":55,"href":"https:\/\/www.curteadeapelcluj.ro\/index.php\/wp-json\/wp\/v2\/pages\/1080\/revisions"}],"predecessor-version":[{"id":4330,"href":"https:\/\/www.curteadeapelcluj.ro\/index.php\/wp-json\/wp\/v2\/pages\/1080\/revisions\/4330"}],"up":[{"embeddable":true,"href":"https:\/\/www.curteadeapelcluj.ro\/index.php\/wp-json\/wp\/v2\/pages\/2462"}],"wp:attachment":[{"href":"https:\/\/www.curteadeapelcluj.ro\/index.php\/wp-json\/wp\/v2\/media?parent=1080"}],"curies":[{"name":"wp","href":"https:\/\/api.w.org\/{rel}","templated":true}]}}